Is g(-10) a prime number?
False
Suppose -110058 = -12*n + 111714. Is n a composite number?
False
Let g = 13037 + -3680. Is g prime?
False
Suppose 3 = 2*j - j. Suppose 0 = -q + 6*q + d + 11, 5*d - 1 = j*q. Is ((-2 - -1)*14)/q prime?
True
Let y = 4 + -4. Suppose y = -h - h + 578. Let k = 483 - h. Is k a composite number?
True
Let r = -2 + 5. Is (-10569)/(-21) - (6/7)/r composite?
False
Is (6*8/144)/(1/9123) composite?
False
Let a be (-6 - (-12 - -5))*(2 - -1). Suppose 3683 = a*k - 6070. Is k a prime number?
True
Let h = 844 + 2693. Suppose 6*a - 141 - h = 0. Is a composite?
False
Let s = 82 + -80. Suppose 5*l + s*t = 21347, 0 = -4*l - 4*t + 6948 + 10120. Is l a prime number?
True
Let b = 11210 - 2923. Is b a composite number?
False
Let k(b) = -b - 1. Let t be k(-4). Suppose t*f + 2252 = -f. Let l = f + 1084. Is l a prime number?
True
Let b = 4 + 17. Let g = -22 + b. Is g/(-2) + 11907/14 prime?
False
Let a = -61 - -106. Suppose a = -t + 15. Let i = t - -364. Is i composite?
True
Let i = -17 - -33. Suppose 6*d = 2*d + i. Suppose -d*j + 764 = -312. Is j composite?
False
Suppose -a - l = 12, 2 = -3*a + 4*l + 1. Let k(m) = -m**2 - 7*m + 2. Let s be k(a). Suppose -2*r + 154 = -4*v, 0 = -3*r + 8*r - s*v - 393. Is r a prime number?
True
Suppose -4*h + u = -9, -h - 3*u + 2*u = -1. Suppose 0*w - h*w = -4. Suppose -w*c + 5*t = -415, -5*t - 854 = -4*c - 3*t. Is c a composite number?
True
Suppose h - 5*k - 16 = -0*k, h = -k - 2. Is h*(-4)/(-5) + 100278/90 composite?
True
Let a be 2 - (11 + -2 + -2). Let l(i) be the second derivative of -i**5/20 + i**4/3 - 5*i**3/6 + 2*i**2 - 3*i. Is l(a) a composite number?
True
Let m(v) be the third derivative of v**5/6 + v**4/6 + v**3/3 + 2*v**2. Let o be m(-4). Let g = o - 19. Is g a composite number?
False
Suppose -4*o + a + 655 = -2*o, -329 = -o + 2*a. Suppose -4*f - 5*p = -o, -3*p = -2*p + 1. Is f composite?
False
Let i be 186/(-4) - (9/(-6) - -2). Let t = i + 160. Is t a prime number?
True
Let g = -2495 - -3688. Is g composite?
False
Let r = -31 + 17. Let q = -8 - r. Suppose -q*m - 3*y = -4*m - 254, 0 = -5*m - 2*y + 635. Is m a composite number?
False
Suppose 4*d = 2*d + 3*d. Suppose 0 = -2*r - 3*c + 1381, d*r - r + 4*c + 707 = 0. Is r composite?
True
Is ((-60908)/24)/(((-13)/(-6))/(-13)) a prime number?
True
Let w = 237622 + -139187. Is w composite?
True
Suppose -4620 = 23*k - 178799. Is k a composite number?
False
Suppose 0 = s + 2*s - 9. Is (-1 - s) + 1399 - 2 prime?
False
Let k = 0 - -2. Suppose -k*d - d - 12 = 0. Is d - -7 - (-1 + -19) prime?
True
Let u(h) = 14378*h - 55. Is u(7) prime?
True
Suppose -2*t + 4 = m - t, 0 = 5*t - 15. Let s be ((-9)/(-18))/(m/6). Is -2 - (-2 - s)*8 prime?
False
Let m be -6*(4 + 9/(-2)). Suppose 264 = c + 2*t - 111, 5*t + 1147 = m*c. Is c prime?
True
Let a(r) = -7 + 18*r**2 - 26*r**2 + 3*r + 22*r**2. Is a(-6) a composite number?
False
Suppose 0 = -m - 4*k + 795, 4*m + k - 6*k = 3201. Is m a composite number?
True
Let p = 40 + -41. Is (0 - p)/(5/265) a prime number?
True
Suppose -12*h + 4*m + 1145 = -11*h, 5*m = h - 1142. Is h composite?
True
Let g be 206/(-6)*1 + 20/(-30). Suppose -2 - 8 = 5*v. Is 10/v + 3 - g a composite number?
True
Let n = 17464 - -17709. Is n prime?
False
Let d be (34/17)/((-2)/180) - 3. Let s = d - -564. Is s composite?
True
Suppose 6 = p + 4*h, -p = 3*p + 2*h + 18. Let a = p + 9. Suppose -l - 834 = -5*d, a*d - 505 = -0*d - 4*l. Is d a composite number?
False
Let k = 12 + -16. Let c(j) = -j**2 - 4*j + 3. Let y be c(k). Is (-2 + y)/(3/363) a composite number?
True
Let i = 25069 + -2262. Is i prime?
True
Suppose 0 = -4*x + 8*x + 120. Is (354/(-8))/(x/280) composite?
True
Suppose 0 = -u + 3, 4*m + u + 0*u + 5 = 0. Let o = -5 - m. Is 0 - (1221/o - 0) prime?
False
Suppose -2 = -j + 2*c, -2*c - c - 5 = -2*j. Suppose 3*y = -f + 13, -23 = y - 4*y + j*f. Suppose -m + 0*w = w - 118, y*m - 622 = 3*w. Is m composite?
True
Let f(n) be the first derivative of -151*n**2/2 - 3*n + 14. Is f(-2) composite?
True
Let u be (-48)/(-18)*((-435)/10 + -3). Let w = 93 + -14. Let x = w - u. Is x a composite number?
True
Let f(a) = -445*a - 48. Is f(-11) composite?
True
Let q(p) = -p**3 - 9*p**2 + p + 13. Let m be q(-9). Suppose m*c - 258 = 50. Is c a prime number?
False
Suppose 0 = 83*i - 70*i - 59293. Is i a composite number?
False
Suppose 5*t - 114 = 11. Suppose 5*b = t, 3*w - 1460 = -2*b + b. Is w prime?
False
Let p = 21754 + -14621. Is p prime?
False
Let k be -4 + 5 + 113/1. Suppose -573 = -3*d + k. Is d*3/(0 + 1) prime?
False
Let l(n) = -4*n**2 - 11*n - 6. Let m be l(-7). Let z = -183 - m. Is (z/6)/(1/(-15)) prime?
False
Let x be ((-64)/3)/(2/(-414)). Let v be x/20*20*1. Is v/33 + (-8)/(-44) a composite number?
True
Suppose -5*c = l - 1355, -2*c - 2*l + 515 = -7*l. Let f = 99 + 10. Let j = c - f. Is j prime?
False
Suppose 49*r - 305004 - 6097 = 0. Is r prime?
False
Suppose -4*n = -8*n + 1352. Let q = n + -85. Is q a prime number?
False
Let b = 22 - 17. Suppose -990 - 1222 = -3*v - p, b*v - 2*p = 3683. Is v composite?
True
Let i be 348/84 + (-1)/7. Suppose 4*u - 127 = -5*t, -8*t - 20 = -i*t. Suppose r + u = -2*w + 480, 5*r = -4*w + 884. Is w prime?
False
Suppose -v + 4*z - 148 = 0, 3*v + 4*z + 644 = -2*v. Let w(f) = f**2 - 2*f + 335. Let t be w(0). Let n = t + v. Is n prime?
False
Suppose 0 = 18*u + 51919 - 224485. Is u a prime number?
True
Let u(h) = -h + 6. Let o be u(7). Is o - 1*(-551 + -3) prime?
False
Let a be -198*(0/(-1) - 13/3). Suppose -4*r + 2030 = a. Is r composite?
False
Let x be (-4312)/(-26) + (-6)/(-39). Suppose 28 + x = i. Is i composite?
True
Let f = -600 + 1035. Let v be (-3 - f/(-3))*1. Suppose 4*n - 374 = v. Is n a composite number?
True
Let z = 320 - 15. Let v = 191 - z. Let j = v + 305. Is j a prime number?
True
Let j be (-1 - (-1142)/(-4))*2596/(-33). Suppose -c + 0*g + g = -4504, -5*c + j = g. Is c composite?
False
Let l(q) be the third derivative of q**6/120 - 17*q**5/120 - 5*q**4/24 - q**3/6 - 3*q**2. Let h(f) be the first derivative of l(f). Is h(12) a composite number?
False
Suppose 4*s - 1723 = 5*j - 8*j, 4*s + 2*j = 1722. Let t = 2277 - s. Is t composite?
False
Suppose 3*p + 573 = -0*p. Let n = p - -318. Is n composite?
False
Let p = 3542 + 17639. Is p a prime number?
False
Let z be 2/(16/38) + 1/4. Suppose z*b = 3*u + 410, 0*b + b - 2*u = 89. Is b prime?
True
Suppose 0 = -i + 5*s + 57112, -3*i - 146*s + 151*s + 171306 = 0. Is i composite?
False
Suppose 0 = 4*o - 100 + 280. Let w = o - 32. Let m = -18 - w. Is m a composite number?
False
Suppose 5170 = 4*g - 4350. Suppose g = -6*m + m. Let d = -147 - m. Is d a prime number?
False
Let a be 7/(14/(-4))*23. Let f(z) = 3*z**2 - 1. Let s be f(-1). Is 3 + (s - 8*a) a composite number?
False
Let n(s) = -61*s**3 + 2*s**2 + 2*s. Suppose -4*f + 8 = -8*f. Let b be n(f). Suppose -2*z - z - 2*a + b = 0, 0 = -z + 5*a + 181. Is z a prime number?
False
Is (-1)/(-3)*(84370 - (-2 + 3)) composite?
False
Suppose 5*f = 2*s - 0*f - 23, -4*s = 2*f - 10. Suppose 5*q + s + 6 = 0, -4*o + 3*q = -2530. Is o composite?
False
Suppose 4*r = 2*n - 918, -r + 2*r = -2*n + 938. Is n a composite number?
False
Suppose 8*b - 20*b + 233412 = 0. Is b prime?
False
Let r be (-2 + 3 - -4) + -1. Is 3201/2 - (-2)/r a prime number?
True
Suppose 0 = 5*s + 3*v + 3 + 12, 5 = 3*s - v. Suppose s = -f + 65 + 28. Suppose -3*k + 85 = -5*z, -2*z - f = -3*k + z. Is k a composite number?
True
Let q be (-2)/(4/(-2 + -2)). Let x(f) = -17*f + 3. Let c be x(q). Is (-2 - c)/((-2)/(-14)) a composite number?
True
Let v(d) = -541*d - 252. Is v(-5) a composite number?
True
Suppose 22*o = -4*o + 40586. Is o a composite number?
True
Suppose -2*t = 4*b + 2*t - 31928, 4*b - 2*t - 31904 = 0. Is b composite?
True
Let p be (4/6)/(-1 - (-91)/105). Let k(a) = -102*a + 13. Is k(p) a prime number?
True
Let i = -10 + 17. Suppose h + z - 483 = 0, -i*h - 2*z + 2427 = -2*h. Is h a composite number?
False
Let h = 4 - 4. Suppose 5 = -h*l + l. Suppose l*t + 903 = 8*t. Is t a composite number?
True
Let k(g) = -2*g + 32. Let s be k(15). Suppose 0*m = -2*m. Suppose 3*p - 2*z - 387 = 0, s*z + m = -6. Is p prime?
True
Let h = 133 + -101. Is ((-2742)/8)/(6/h*-2) composite?
True
Let y = 24 + -20. Suppose y*n = -n + 265. Is n composite?
False
Let n = 16086 + -4577. Is n prime?
False
Suppose 